+ 16 = -v. Let d be (84/(-5))/((-4)/v). Suppose -39*m - 552 = -d*m. List the prime factors of m.
2, 23
Let t(l) = 5*l**2 + 11*l - 46. Suppose 0 = 4*j - 5*o - 15, 28*j - 25*j = o + 25. What are the prime factors of t(j)?
2, 3, 47
Let m be 74/185 - 146/(-10). Let b be (-7 - (0 + -2)) + -1. What are the prime factors of (-410)/b + 10/m?
3, 23
Suppose c - 3*g = 53463, -10*c + g = -15*c + 267219. List the prime factors of c.
3, 5, 7, 509
Let n be 76/(-152)*(-316)/(-2). Let q = n + 264. What are the prime factors of q?
5, 37
Suppose 0 = 2*w + 7*w - 180. Suppose w + 13 = 3*j. Suppose j*i - 2387 = -748. List the prime factors of i.
149
Let m = -114 - -114. Suppose m = -14*t + 17*t - 1605. What are the prime factors of t?
5, 107
Suppose -19*r = -7*r. Let o(y) = -4*y + r*y + 20 - 4*y - 2*y. List the prime factors of o(-4).
2, 3, 5
Let d = 4292 + -3713. What are the prime factors of d?
3, 193
Suppose 37240 = -31*t + 41*t. Suppose 207*g + t = 211*g. List the prime factors of g.
7, 19
Let q(s) = 5*s**2 - 157*s - 120. Let j(m) = 3*m**2 - 104*m - 80. Let l(n) = 8*j(n) - 5*q(n). List the prime factors of l(-35).
2, 5, 19
Let r(f) = f**3 + 7*f**2 - 11*f - 2. Let g be r(-8). Let x = g - 20. List the prime factors of (x + 0)/(22/605).
5, 11
Let s be (-6)/(-12)*12/(-1). Let n(i) = -5*i**3 + 8*i**2 + 7*i - 17. Let f(w) = -w**3 + w. Let x(c) = s*f(c) + n(c). What are the prime factors of x(-7)?
5
What are the prime factors of (21 + (-340)/17)*18146?
2, 43, 211
Let m be 9*((-64)/(-34) - (-112)/952). Suppose -2*l + m*v - 21*v = -477, -1175 = -5*l - 4*v. What are the prime factors of l?
3, 7, 11
Suppose n - 164*i - 21414 = -160*i, -2*i = 4*n - 85656. List the prime factors of n.
2, 3, 43, 83
Let q = -4955 - -10412. What are the prime factors of q?
3, 17, 107
Let g(k) = 27*k**2 - 6*k - 5. Let f be g(-1). What are the prime factors of ((-116)/(-10))/(f/(-30) + 1)?
2, 3, 29
Suppose -4*v = w - 57, 30 = 2*v + 4*w - 2*w. Suppose -v*g = -25*g + 5390. What are the prime factors of g?
2, 5, 7
Suppose -m + 6508 = 5*l, -38*m = -41*m + l + 19524. What are the prime factors of m?
2, 1627
Suppose 146 = 9*s - 52. Suppose 1692 = -s*u + 26*u. What are the prime factors of u?
3, 47
Suppose 9*u + 2 = 2. Suppose 40*p - 42*p + 4 = u. Suppose i + p*q - 214 = 0, 2*q - 3 = 1. What are the prime factors of i?
2, 3, 5, 7
Let w(l) be the second derivative of -l**5/10 + l**4/12 - 3*l**3/2 + 5*l**2/2 - 187*l. List the prime factors of w(-8).
5, 233
Let v(a) = -31*a**3 + 34*a**2 + 50*a + 293. List the prime factors of v(-11).
2, 17, 1327
Let u be -1*-6*(1 - 6228/(-8)). Let i = -3020 + u. What are the prime factors of i?
1657
Suppose -6 = 10*p - 2006. Suppose 0 = 2*f + 2*r - p, 0*f - 5*r + 304 = 3*f. List the prime factors of f.
2, 7
Suppose -20 = -5*j - 0. Let y = j + 12. What are the prime factors of (y/(-5))/((-6)/270 + 0)?
2, 3
Suppose -93033 = -24*o - 3513. What are the prime factors of o?
2, 5, 373
Suppose 2*y - 537 + 539 = 0, -4*b + y = -70857. List the prime factors of b.
2, 17, 521
Let q be (0 - 2/4)*0. Let u be 1484/159 + (q - 2/6). Let p = u - 5. List the prime factors of p.
2
Suppose -6 + 16 = 2*w, -g - 4*w = -3672. List the prime factors of g.
2, 11, 83
Let u(b) = 23*b**3 - 13*b**2 + 32*b + 27. What are the prime factors of u(3)?
3, 11, 19
Let n = 275 - 273. What are the prime factors of ((-6 - n) + 866)/2?
3, 11, 13
Suppose 4*u - 2*s + 1334 = 8*u, 331 = u + 3*s. Suppose -u*q = -330*q - 568. What are the prime factors of q?
2, 71
Let b(z) = 12*z + 10. Let d be b(-5). Let m be 2 - (-3)/(-1) - d. Suppose 53*y = m*y + 816. List the prime factors of y.
2, 3, 17
Let p be (-5)/2*224/140. Let z be 14/(-21) - p/(-3). What are the prime factors of z/(-4) - (-2055)/30?
3, 23
Let p be -1*(-563 - -2)*(-10)/15. Let z = p - -546. What are the prime factors of z?
2, 43
Let o(b) = -24 - 14 + 17*b + 53 - 2*b**3 - 10*b**2. List the prime factors of o(-8).
263
Suppose -235 = -5*h - 235. Suppose h = -91*r + 89*r + 2378. What are the prime factors of r?
29, 41
Let m(x) = 5*x - 13*x + 0*x + 3*x - 36. Let f be m(-15). Suppose 3*s + 3*d - f = 6, -2*s - 4*d = -20. List the prime factors of s.
2, 5
Suppose t + 5*m - 6057 = 0, 4*m + 6075 = 103*t - 102*t. List the prime factors of t.
6067
Let q be (-22)/8 - 17/68. Let k(j) = 184*j**2 - j + 2. Let p be k(q). List the prime factors of -2 + (-14)/(-4) - p/(-22).
7, 11
Let r(q) = 3*q**3 - 20*q**2 - 19*q - 32. What are the prime factors of r(16)?
2, 7, 61
Let k be (-111)/(-3) - (-6 + 8). What are the prime factors of k/1*20/25?
2, 7
Suppose -74*q = 35*q - 3069440. What are the prime factors of q?
2, 5, 11
Let g(v) = v**3 + 8*v**2 - 8*v + 7. Let i = 16 + -25. Let w be g(i). List the prime factors of -1 + ((-5)/w)/(-5)*-26.
2, 3
Suppose 0 = -q - 39 + 44. Suppose 15 = -2*u + q*u. Suppose 5*m - 164 = -2*c, u*c + 2*m + 0*m = 410. What are the prime factors of c?
2, 41
Let p = -42 - 86. Let u be (4/8 + -3)*p. Suppose -5*q + u = -0*q. What are the prime factors of q?
2
Suppose 65 + 40 = -5*w. Let y = w - -21. What are the prime factors of (7 + 4)*(9 + y)?
3, 11
Let g(u) = 301*u**2 - 101*u + 38. What are the prime factors of g(-10)?
2, 13, 599
Suppose -91837 = -43*u - 14584 + 24141. List the prime factors of u.
2, 3, 131
Let y be (-2*8/(-6) - 3)*-6. Suppose 5*i + y*z - 1472 = 33, i + 3*z - 314 = 0. What are the prime factors of i?
13, 23
Let v(p) = p**3 - 6*p**2 - 5*p. Let g be v(6). What are the prime factors of (9019/58)/((-3)/g)?
5, 311
Let y = 24522 - 16673. List the prime factors of y.
47, 167
Suppose -7*k + 401 = -2420. Let v = k + -127. What are the prime factors of v?
2, 3, 23
Let x(h) = -241*h + 20. Let z be x(-50). Suppose 208*m - z = 198*m. What are the prime factors of m?
17, 71
Let z = -19 - -21. Suppose 3*a - 2*l + l = 307, 406 = 4*a - z*l. Let i = a + -74. List the prime factors of i.
2, 3, 5
Let s(q) = 8*q + 6387. Let c be s(0). Suppose -147 + c = 12*l. What are the prime factors of l?
2, 5, 13
Suppose f - 240 = 5*z + 89, 5*f - 1755 = 3*z. Suppose 3*y + f = 699. What are the prime factors of y?
5, 23
Suppose 139*k - 17620806 = -218*k. What are the prime factors of k?
2, 23, 29, 37
Let k(y) = 5*y**3 - 18*y**2 - 114*y + 63. List the prime factors of k(12).
3, 17, 31
Let m be (-14)/(-56) + (-35)/(-4). Suppose -4*k + 331 + m = 0. Let z = k - 45. List the prime factors of z.
2, 5
Let d(q) = -2*q**3 - 9*q**2 + 15*q + 9. Let v be d(-6). List the prime factors of 20/(-6)*(v + -90).
2, 3, 5, 7
Let f(s) = 59*s + 530. What are the prime factors of f(5)?
3, 5, 11
Let l(j) = 4*j**2 - j - 33. Let z be l(-6). Let n = z - -74. What are the prime factors of n?
191
Let u(m) = 2*m**3 + 89*m**2 + 196*m - 175. List the prime factors of u(-40).
5, 1277
Let v(o) = o + 2. Let j(i) = -19*i - 24. Let f(x) = j(x) - 5*v(x). List the prime factors of f(-24).
2, 271
Suppose -8*m = -7640 - 1782 + 1894. List the prime factors of m.
941
Suppose -3936 = -2*f - 3*t, f + t - 7872 = -3*f. Suppose -543 = 5*c - f. List the prime factors of c.
3, 5, 19
Let w = -15888 - -44678. What are the prime factors of w?
2, 5, 2879
Let s(v) = -2552*v + 26. What are the prime factors of s(-1)?
2, 1289
Suppose 9*g - 1549 = 5*g + 5*u, -5*u = -2*g + 777. Let w = g + -265. Let h = w - 18. What are the prime factors of h?
103
Suppose 25 = -i - 4*z + 4, 3*i + z = -8. Let o be -203 - -3 - (0 - i). Let h = o - -295. What are the prime factors of h?
2, 47
Let i = -8215 + 12736. List the prime factors of i.
3, 11, 137
Let b = -51 + 54. Let k be (-119)/(-5 + 12/b). List the prime factors of k/4 + 4/16.
2, 3, 5
Let d be (-3 + 9 - 8) + 0 + 182. Let f = 253 - d. List the prime factors of f.
73
Let w = 410 - 460. What are the prime factors of (-27 + 38)/((-1)/w)?
2, 5, 11
Let g(l) = l + 37. Let q be g(-22). Suppose -2*p + q = 3*p. Suppose -222 = -2*k - 4*a, p*k + 3*a + 148 = 484. What are the prime factors of k?
113
Let m = 1 + 51. Let z(v) = 6*v + 6. Let g be z(15). Let p = g - m. What are the prime factors of p?
2, 11
Suppose 0 = t + 3, -5*h - t + 16 = -6. Suppose -6*x = -h*x - 101. Suppose 0 = -2*c + x - 11. What are the prime factors of c?
3, 5
Let t = -8 - -817. Let v = -471 + t. What are the prime factors of v?
2, 13
Suppose 0 = -4*i + 3*y + 18579, 2*i - 9300 = 5*y - 7*y. What are the prime factors of i?
3, 1549
Let